 240/(-1120) a composite number?
True
Let s(k) = 521*k - 15. Let v be s(-8). Let n = 6092 + v. Is n a prime number?
False
Is 44/(-1694) - (-556041656)/616 prime?
False
Let h(x) = -581*x + 63. Suppose 570 = -18*u + 66. Is h(u) a prime number?
False
Suppose -3*d - 534608 = -5*k, -d + 11 - 7 = 0. Suppose 20*h - k = -22344. Is h composite?
False
Suppose 4*c - 23 = s, 5*c = 2*s - 5*s + 50. Suppose -25 = -4*p + 4*y + c, 5*p = -5*y + 30. Let r(f) = 6*f**2 - 3. Is r(p) composite?
True
Let q(k) = -489489*k + 3625. Is q(-4) a prime number?
True
Let i(n) be the second derivative of -n**5/20 + n**4/6 - 3*n**2 - 11*n - 2. Let j be i(-2). Is ((-897)/30 - (-4)/j)*-22 composite?
True
Suppose -41254 + 217642 = 12*f. Is f composite?
False
Let m(v) = -1641*v - 18. Let y be m(-3). Let o = y - 1445. Suppose -3*p - p = 4*n - o, n + 2*p = 865. Is n composite?
True
Let y(b) = -b + 5458. Suppose 0 = 5*o + 2*w, -3*w + w = o. Is y(o) prime?
False
Let d be (-3 + -579)/(4/32) - -2. Is (-17 - -15) + (-6)/4*d a prime number?
False
Let t = 8470 + 18599. Suppose t - 262226 = -13*l. Is l a composite number?
False
Is (-836025)/(-23) - 17/((-7038)/36) a composite number?
True
Suppose -q - 4*v + 1986 + 1811 = 0, -3815 = -q + 5*v. Let b = q + -2618. Is b prime?
True
Is 221018*(-1)/(-2) - -4 prime?
False
Suppose 6721 = 3*o - 1694. Suppose -3*t + 3798 = -o. Is t composite?
True
Let p be ((-85)/(-25) - 4) + (-36)/(-10). Let m be p*(-4 - (-584)/(-12)). Let y = m - -505. Is y a prime number?
True
Suppose 4271413 = -123*r + 202575580. Is r composite?
True
Let h(o) = o**3 + 5*o**2 - 7*o - 9. Let f be h(-6). Let y(k) = -6*k + 5. Let q be y(f). Suppose -q*i + 917 = -22*i. Is i prime?
False
Let h = -118 - -1302. Suppose -h = 13*k - 41393. Is k prime?
False
Let g(c) = 2*c**3 + c**2 - 4. Let r be g(3). Let u = -17 + r. Suppose -5*a - 5*b + 160 = 0, -a + 0*b + 4*b + u = 0. Is a a composite number?
True
Let l = -878 + 880. Let n be 2 + 4 + 4/(-2). Is (4 + (-14)/n)/(l/4724) a composite number?
False
Let v = 61 - 55. Suppose -v*h = -3*j - 10*h + 6023, -3*j = -2*h - 6011. Is j composite?
True
Suppose 273*j + 3*i = 269*j + 180728, -45167 = -j + 3*i. Is j composite?
False
Suppose -4*u - 26 = -3*d, -4*d = 3*u - 4 + 11. Suppose -891 = -0*p - p + r, 0 = -d*p + 4*r + 1786. Is p prime?
False
Let d be (-1)/7 + -5 + 3535/49. Suppose -44015 = -d*f + 66*f. Is f a prime number?
False
Let x be (-180)/105*(-25858)/4. Suppose 0 = 13*g - 7*g - x. Is g a prime number?
True
Let v(m) = 265*m**3 + 6*m - 3. Suppose 18 = 2*x + 7*x. Is v(x) a prime number?
True
Suppose -3*c + 32 = 5*l, l - 5*l + 36 = 5*c. Let t = 119 - c. Is t a composite number?
True
Suppose -173466 = -2*r + f + 109706, -424758 = -3*r + 4*f. Is r a prime number?
False
Let t(m) = 2741*m + 5. Let f(l) = 12*l**2 + 69*l - 14. Let w be f(-6). Is t(w) composite?
True
Let q(o) = 50*o**2 - 79*o + 22. Let l(w) = -24*w**2 + 39*w - 11. Let y(z) = -9*l(z) - 4*q(z). Is y(10) a prime number?
False
Let r(c) = 5*c**2 + 36*c + 28. Let u be r(-7). Let k(x) = 14*x**2 - 53*x + 8. Is k(u) composite?
True
Let t = 161 + -156. Suppose 23401 = t*p - 3*k, -4*k = 4*p + 5478 - 24186. Is p a composite number?
False
Suppose 28*s = 35*s - 21. Is (-3130 - s)*(1 - -1)/(-2) a composite number?
True
Let x = -2519 + 4066. Let l = -804 + x. Is l a prime number?
True
Is -4 + (-9)/(-2) - (-4143753)/18 prime?
False
Let u(i) = -54*i + 18 - 51*i - 12. Let h be u(-2). Suppose -2*a + 994 = h. Is a a composite number?
False
Let j(o) = -o**2 + 387*o - 383*o + 1 - 42 - 4*o**3 + 8*o**2. Is j(-8) a prime number?
True
Suppose -4 = 2*q - 8. Suppose 0 = 2*v + 8 + q, w + 14 = -4*v. Is 3678/30 + w/(-10) a composite number?
True
Suppose a - 7 = -2*o - 2*a, -2*o + 8 = 4*a. Suppose 0 = -g + 5*k - 0*k + 760, 2*g + o*k = 1484. Suppose -u + 8 = -g. Is u composite?
True
Is 2535392/14 - (10 + 335/(-35)) a prime number?
False
Suppose 2*t + d = -7, 5*d + 5 = 4*d. Let n be (t + 31)/((-3)/10). Is (-25075)/n*(1 + (3 - 0)) a prime number?
False
Let h(c) = 413*c**3 + 7*c**2 - 41*c + 85. Is h(6) a composite number?
True
Let k be (-8)/18 - 2464/126. Is 11665/k*-2*2 a composite number?
False
Suppose -10*x + 5608 = -2*x. Let j be (-5288)/20 + 2/5. Let h = j + x. Is h composite?
True
Let j = -56024 - -104755. Is j prime?
True
Let a = -36 - -37. Let t be (a + -2)/(1 + (-25)/20). Suppose 0*l - t*l + 3960 = 4*m, l = -2*m + 987. Is l a composite number?
True
Suppose -70*f - 5*n + 822060 = -65*f, -5*n = -f + 164418. Is f prime?
True
Let k be (6/4)/(8 + (-261)/36). Is -7 + 4 + 6/k - -11789 composite?
False
Is (-1*1423)/(((-1)/3)/(788/12)) composite?
True
Suppose -66*y = -61*y - 97035. Is (-6)/(-108)*6*y composite?
False
Let w be (4 + (-6 - -3))*1486. Suppose -7*x + 84621 = -w. Is x a composite number?
False
Suppose r = -r - 5*u + 5892, 5*u - 14700 = -5*r. Is ((-1)/(-16)*4)/(2/r) a prime number?
True
Let d be (-127856)/(-40) - (-3)/5. Let f = -1356 + d. Is f a prime number?
False
Suppose 5*y = q + 659459, -4*y + 678227 = 5*q + 150683. Is y a composite number?
False
Suppose -57*a + 5486075 = -12905716. Is a composite?
True
Suppose 2*t = 0, -t = 2*z - 798 - 1000. Suppose -z - 1243 = -6*g. Is ((-4)/(-14))/(-1) + 68289/g a prime number?
True
Let k(w) be the first derivative of w**4/4 - 8*w**3/3 - w**2 + 18*w - 7. Let d be k(8). Suppose 1676 = -y + 4*y + 5*a, 1113 = d*y - a. Is y a prime number?
True
Let i(a) be the first derivative of -40 - 34*a - 297/2*a**2. Is i(-4) a prime number?
False
Suppose -15*o + 20*o = 3515. Suppose -2*q + 4782 = -f + o, -3*f - 6120 = -3*q. Is q a prime number?
True
Suppose 0 = 2*s + 4*q - 668801 + 124507, 2*q = 4*s - 1088598. Is s a composite number?
True
Suppose 6*j + 2*s = 2283191 - 466193, 0 = 4*j - 5*s - 1211294. Is j a prime number?
True
Let t(u) = 96 + 5*u + 48 - 105. Let n be t(-7). Is (4/n)/(2/2714) a composite number?
True
Let h = 18676 + -7061. Let z = h + -2616. Is z composite?
False
Let r(v) = -28*v**2 + 5*v + 11. Let d(t) = -t - 2. Let k(h) = 3*d(h) - r(h). Is k(9) a prime number?
True
Let o(n) = -585*n - 5033. Is o(-16) prime?
True
Suppose 0 = 9*k - 2581 - 4916. Suppose 3*o + k = 4*q - 1539, -o = 3*q + 808. Let a = o - -2073. Is a a composite number?
False
Is 20/10*(-29433)/(-6) a prime number?
True
Is (-225 + 217)*(-3 - 3744499/8) prime?
True
Suppose -193615 = -7*t + 114658. Is t a prime number?
False
Let y(t) = 23*t**3 + 6*t - 5. Suppose -6*r - 25 = -11*r. Let m be y(r). Suppose 4*b = -4*i + 3404, -4*b + 4*i + m = -520. Is b composite?
False
Suppose -2*w + 184 = -4*d, d - 2*w + 0*w + 49 = 0. Let p = -44 - d. Is p + 2 - (10/5 + -1258) prime?
True
Suppose 0 = -20*b + 8*b + 103704. Is (b/8)/((-34)/(-136)) a composite number?
True
Is (520/(-26) - -14) + 157394/(-4)*-2 a composite number?
False
Let p(z) = -z**3 + 15*z**2 - 19*z + 24. Let t be p(-13). Let f = -834 + t. Is f prime?
False
Let m(n) = -6*n - 246. Let p be m(-38). Let d(o) = -41*o - 19. Is d(p) a prime number?
True
Suppose 4*v + 5*d = 1155893, -251143 = -v - 3*d + 37839. Is v a composite number?
True
Let l = 2951 + -1400. Suppose -v - 4*f = -4*v + l, -1045 = -2*v - f. Is v a prime number?
True
Suppose -8*b + 226490 - 51690 = 0. Let h = b + -11205. Is h composite?
True
Let q(x) = -11*x**2 + 22*x**2 + 11 + 10*x**2 + 8*x. Let r = -249 + 259. Is q(r) prime?
False
Suppose -3*m - 14 = 4*v, 2*m = 6*m + 3*v + 21. Let q be (-3)/(-7) + (-33)/(-21). Is ((-1227)/6 - q)*m/3 a prime number?
False
Let b be (105/(-10))/(-7)*-2. Is 4/(-40) - b*3840955/150 a prime number?
True
Suppose -z + 3*d = -5*z - 2286, -4*z + 4*d - 2272 = 0. Let f = 193 - z. Is f a prime number?
False
Let q = 594591 + 97004. Is q a prime number?
False
Suppose 5*j - 4*c = 600111, -138458 = -2*j - 3*c + 101568. Is j a prime number?
False
Suppose -5*r + 2*i - 20 + 3 = 0, 5*i - 2 = -r. Let c be (-7)/(28/(-2196)) + r. Let v = 89 + c. Is v a composite number?
True
Let b(s) = 6378*s - 124. Let v be b(7). Suppose 9*r + 8036 = v. Is r prime?
False
Let w = -45 + 241. Suppose 0 = -3*y + 5*z + 2045, 2*y - 191 = -5*z + 1139. Let s = y - w. Is s a prime number?
True
Let q be (0 - (-4)/(-10))/((-57)/570). Suppose 485 = d + q*k, 8*d + 3*k = 6*d + 950. Is d composite?
True
Let o(p) = 7*p + 15. Suppose 4*m + 0*m + 2*z = -2, -2*z = 3*m. Let h be o(m). Is ((-18)/(-12))/(((-6)/(-124))/h) a composi